Calculate the highest common divisor of 651 and 21.
21
What is the highest common factor of 35 and 140?
35
Calculate the highest common divisor of 196 and 196.
196
What is the greatest common factor of 1357 and 23?
23
What is the greatest common divisor of 670 and 110?
10
Calculate the greatest common factor of 462 and 99.
33
Calculate the greatest common factor of 869 and 77.
11
Calculate the greatest common factor of 126 and 27.
9
What is the highest common factor of 41 and 1763?
41
What is the greatest common divisor of 453 and 20234?
151
What is the highest common divisor of 12 and 60?
12
What is the greatest common divisor of 148 and 3774?
74
What is the greatest common factor of 4965 and 165?
15
Calculate the greatest common divisor of 409 and 11.
1
Calculate the highest common factor of 204 and 357.
51
Calculate the highest common divisor of 105 and 5061.
21
What is the highest common divisor of 529 and 69?
23
Calculate the highest common factor of 35 and 2065.
35
Calculate the highest common divisor of 25 and 2315.
5
What is the highest common factor of 25290 and 12?
6
What is the highest common factor of 18 and 639?
9
Calculate the greatest common divisor of 3029 and 466.
233
What is the highest common divisor of 289 and 833?
17
Calculate the highest common divisor of 14 and 343.
7
Calculate the highest common divisor of 59 and 177.
59
What is the greatest common divisor of 148 and 4366?
74
Calculate the greatest common factor of 5480 and 80.
40
Calculate the highest common divisor of 45 and 9.
9
Calculate the greatest common factor of 54 and 4.
2
Calculate the greatest common factor of 7 and 26229.
7
What is the highest common divisor of 11 and 5753?
11
What is the highest common factor of 6 and 838?
2
What is the highest common factor of 832 and 104?
104
What is the highest common factor of 25865 and 70?
35
Calculate the highest common divisor of 12 and 3308.
4
What is the highest common divisor of 2440 and 183?
61
What is the highest common divisor of 75 and 20?
5
Calculate the greatest common divisor of 57 and 1083.
57
What is the greatest common divisor of 203 and 4234?
29
Calculate the highest common factor of 318 and 12.
6
Calculate the greatest common divisor of 1712 and 96.
16
What is the greatest common divisor of 7808 and 61?
61
Calculate the highest common divisor of 30 and 66.
6
What is the greatest common divisor of 252 and 1332?
36
What is the greatest common divisor of 1195 and 2?
1
What is the highest common factor of 6 and 5091?
3
What is the greatest common divisor of 272 and 448?
16
Calculate the greatest common divisor of 21 and 13461.
21
Calculate the highest common divisor of 100 and 60.
20
What is the greatest common divisor of 9779 and 77?
77
Calculate the highest common factor of 2156 and 33.
11
What is the highest common divisor of 553 and 237?
79
What is the greatest common factor of 78 and 2223?
39
What is the greatest common factor of 1924 and 8?
4
Calculate the greatest common divisor of 10 and 80.
10
Calculate the highest common divisor of 13 and 962.
13
What is the highest common divisor of 809 and 4?
1
What is the greatest common factor of 4096 and 256?
256
Calculate the greatest common divisor of 18 and 48.
6
What is the greatest common divisor of 39 and 3081?
39
What is the greatest common factor of 1600 and 128?
64
What is the highest common divisor of 8771 and 49?
49
Calculate the greatest common divisor of 2 and 7.
1
What is the highest common divisor of 107 and 8667?
107
Calculate the greatest common factor of 15 and 3840.
15
Calculate the highest common factor of 74 and 6253.
37
What is the highest common divisor of 282 and 4?
2
Calculate the greatest common factor of 80 and 1820.
20
Calculate the greatest common divisor of 8063 and 11.
11
What is the highest common divisor of 670 and 50?
10
What is the highest common factor of 3 and 51?
3
What is the greatest common factor of 180 and 80?
20
What is the highest common factor of 66 and 231?
33
Calculate the highest common factor of 843 and 281.
281
Calculate the greatest common factor of 60228 and 84.
84
What is the greatest common divisor of 9 and 153?
9
Calculate the highest common divisor of 56 and 350.
14
What is the greatest common divisor of 49 and 112?
7
Calculate the highest common factor of 4 and 72.
4
What is the highest common divisor of 2 and 3?
1
Calculate the highest common divisor of 576 and 2808.
72
What is the greatest common divisor of 1146 and 6?
6
Calculate the greatest common factor of 323 and 51.
17
What is the highest common factor of 189 and 1211?
7
Calculate the highest common divisor of 102 and 425.
17
What is the highest common divisor of 688 and 32?
16
Calculate the greatest common divisor of 468 and 91.
13
What is the highest common divisor of 684 and 72?
36
What is the highest common factor of 171 and 19?
19
What is the greatest common divisor of 236 and 1121?
59
What is the greatest common divisor of 19 and 13?
1
Calculate the highest common factor of 1280 and 20.
20
Calculate the highest common factor of 228 and 6954.
114
What is the greatest common factor of 272 and 170?
34
What is the highest common divisor of 270 and 30?
30
What is the greatest common divisor of 38 and 10355?
19
What is the highest common factor of 372 and 48?
12
Calculate the greatest common divisor of 395 and 158.
79
What is the greatest common divisor of 8 and 3064?
8
What is the greatest common divisor of 22320 and 432?
144
Calculate the highest common factor of 306 and 170.
34
What is the greatest common factor of 637 and 273?
91
Calculate the greatest common divisor of 34 and 646.
34
What is the highest common divisor of 270 and 189?
27
What is the greatest common factor of 92 and 667?
23
What is the highest common divisor of 707 and 35?
7
Calculate the highest common factor of 806 and 248.
62
Calculate the highest common factor of 198 and 18.
18
Calculate the highest common factor of 1125 and 63.
9
What is the greatest common factor of 217 and 1488?
31
Calculate the greatest common divisor of 10338 and 6.
6
Calculate the highest common divisor of 144 and 1008.
144
What is the greatest common divisor of 12389 and 13?
13
Calculate the greatest common factor of 3712 and 116.
116
What is the greatest common factor of 268 and 5762?
134
What is the greatest common factor of 4658 and 34?
34
Calculate the greatest common divisor of 52 and 4706.
26
What is the greatest common factor of 148 and 370?
74
Calculate the highest common divisor of 3 and 51.
3
What is the highest common divisor of 2919 and 1390?
139
What is the highest common divisor of 352 and 96?
32
What is the highest common divisor of 1430 and 22?
22
Calculate the highest common divisor of 16 and 248.
8
Calculate the greatest common factor of 44 and 1507.
11
What is the greatest common divisor of 33 and 44?
11
What is the greatest common factor of 117 and 819?
117
Calculate the greatest common factor of 8 and 6704.
8
Calculate the greatest common factor of 300 and 400.
100
Calculate the greatest common divisor of 35 and 14.
7
What is the greatest common divisor of 29 and 1305?
29
Calculate the highest common divisor of 40 and 24.
8
Calculate the greatest common divisor of 1328 and 16.
16
What is the greatest common factor of 5488 and 448?
112
Calculate the greatest common factor of 3 and 3909.
3
What is the highest common factor of 9 and 801?
9
Calculate the highest common factor of 44 and 15114.
22
What is the greatest common factor of 388 and 12?
4
Calculate the greatest common divisor of 34 and 84218.
34
What is the greatest common divisor of 1491 and 315?
21
Calculate the greatest common divisor of 74 and 41662.
74
What is the highest common factor of 128 and 10?
2
Calculate the greatest common factor of 30 and 330.
30
Calculate the greatest common divisor of 528 and 728.
8
Calculate the highest common factor of 208 and 672.
16
Calculate the greatest common factor of 24 and 420.
12
What is the highest common factor of 5139 and 45?
9
Calculate the greatest common divisor of 1111 and 55.
11
Calculate the highest common divisor of 1134 and 2016.
126
What is the highest common factor of 8 and 18?
2
Calculate the greatest common divisor of 984 and 7134.
246
What is the greatest c